et b(c) = 18*c - 37. Determine b(3).
17
Let o(z) = -22*z**2 + z + 8. Give o(2).
-78
Let b(m) = 702*m - 1347. Calculate b(2).
57
Let j(r) = r**3 + 47*r**2 - 52*r - 207. What is j(-48)?
-15
Let c(x) = x**3 - 6*x**2 - 55*x + 359. Give c(7).
23
Let l(d) = -d**3 - 18*d**2 + 27*d + 77. Calculate l(-19).
-75
Let x(t) = 300*t - 1826. Give x(6).
-26
Let a(o) = o**3 + 5*o**2 - 34*o + 22. Calculate a(3).
-8
Let x(k) = k**2 + 46*k - 126. What is x(-43)?
-255
Let p(o) = -2*o**2 + 46*o - 247. Determine p(11).
17
Let a(x) = 67*x**3 + 404*x**2 + 15*x + 10. Determine a(-6).
-8
Let d(o) = 45*o - 1433. Give d(31).
-38
Let a(m) = m**3 + 39*m**2 - 39*m + 72. What is a(-40)?
32
Let o(n) = -29*n**2 - 178*n + 180. What is o(1)?
-27
Let v(u) = 1413*u - 8473. What is v(6)?
5
Let r(i) = i**3 + 36*i**2 - 115*i + 123. Give r(-39).
45
Let u(h) = -26*h**2 + 276*h + 151. Calculate u(11).
41
Let c(l) = -50*l**2 - 3. Determine c(-1).
-53
Let b(d) = -3*d**2 - 114*d + 240. Determine b(-40).
0
Let t(x) = x**2 - 55*x - 33638. Calculate t(213).
16
Let g(m) = -m**3 - 42*m**2 + 16*m + 684. What is g(-42)?
12
Let f(z) = 70*z + 1030. Determine f(-14).
50
Let s(x) = -x**2 + 12*x + 137. Determine s(-6).
29
Let l(z) = z**3 - 20*z**2 - 2*z + 79. Calculate l(20).
39
Let p(j) = 15*j + 1413. Calculate p(-107).
-192
Let k(z) = z**3 + 17*z**2 + 13*z - 3. Determine k(-16).
45
Let w(j) = 27*j + 1197. Calculate w(-44).
9
Let z(v) = 2*v**3 + 120*v**2 + 121*v + 269. Determine z(-59).
92
Let i(u) = -3*u**3 - 35*u**2 + 32*u + 12. Determine i(-12).
-228
Let g(t) = -6*t**3 + t**2 - 11*t + 3. Give g(-3).
207
Let t(q) = -q**3 - 183*q**2 - 543*q - 555. Calculate t(-180).
-15
Let y(t) = 5*t**3 - 4*t**2 - 12*t + 52. Determine y(5).
517
Let f(s) = 6*s**2 - 54*s - 54. Determine f(10).
6
Let w(p) = 12*p**2 + 20*p - 1. Give w(1).
31
Let v(b) = -b**3 + 46*b**2 - 275*b + 75. Calculate v(39).
-3
Let t(c) = -2*c**2 - 174*c + 169. What is t(-88)?
-7
Let c(k) = -901*k - 64877. Calculate c(-72).
-5
Let q(a) = -a - 200. Determine q(-25).
-175
Let d(b) = 2*b**2 + 33*b + 105. Determine d(-19).
200
Let j(z) = -z**3 - 17*z**2 - 19*z - 109. What is j(-16)?
-61
Let b(s) = 18*s**2 + 1296*s - 8. Determine b(-72).
-8
Let x(n) = -51*n - 2365. Calculate x(-46).
-19
Let r(l) = -l**3 + l**2 + 14*l + 55. Give r(-6).
223
Let m(f) = 35*f + 1290. What is m(-37)?
-5
Let q(t) = 5*t + 140. Calculate q(-11).
85
Let p(y) = -51*y + 3726. Give p(73).
3
Let q(y) = -34*y - 803. Determine q(-24).
13
Let r(p) = -p**2 - 20*p + 379. Give r(12).
-5
Let u(m) = 47*m**2 - 28*m + 2. Determine u(2).
134
Let c(h) = -h**3 - 15*h**2 + 67*h + 562. What is c(-17)?
1
Let i(s) = 12*s**2 - 53*s - 205. What is i(-5)?
360
Let g(u) = u**3 - 86*u**2 - 174*u - 369. Determine g(88).
-193
Let q(o) = -181*o - 46328. Determine q(-256).
8
Let p(c) = -c**3 - 110*c**2 - 124*c - 1639. Calculate p(-109).
-4
Let k(c) = c**3 - 62*c**2 + 64*c - 216. Calculate k(61).
-33
Let q(b) = -b**2 - 208*b + 4812. Give q(-229).
3
Let f(x) = x**2 - 27*x + 108. Calculate f(7).
-32
Let r(t) = -2*t**2 + 55*t + 687. Determine r(33).
324
Let j(c) = c + 4. What is j(27)?
31
Let w(a) = 35*a**2 + 151*a - 5. Give w(-4).
-49
Let s(l) = -l**2 - 273*l - 8527. Calculate s(-36).
5
Let w(n) = n**2 - 35*n - 470. Determine w(45).
-20
Let r(v) = -24*v + 265. Calculate r(47).
-863
Let d(a) = -18*a - 61. Determine d(8).
-205
Let h(t) = -118*t - 3014. Calculate h(-23).
-300
Let k(c) = c**3 - 23*c**2 + 28*c + 42. What is k(22)?
174
Let n(l) = -l**3 - 92*l**2 - 180*l - 84. Calculate n(-90).
-84
Let j(c) = -c**3 + 35*c**2 + 76*c - 112. Calculate j(37).
-38
Let q(v) = -3*v**2 + 505*v + 2969. What is q(174)?
11
Let i(l) = 2*l**2 + 57*l + 100. Give i(-24).
-116
Let d(t) = -425*t + 2612. Determine d(6).
62
Let q(h) = -2512*h - 17569. What is q(-7)?
15
Let k(r) = 14*r**2 - 1383*r - 202. What is k(99)?
95
Let s(z) = 37*z - 429. Give s(12).
15
Let t(x) = -x**3 + 172*x**2 + 705*x - 188. Give t(176).
-12
Let f(k) = -103*k + 889. Give f(9).
-38
Let o(l) = -l**3 - 7*l**2 + l + 1. Give o(-7).
-6
Let d(u) = u**2 - 111*u + 3076. Determine d(52).
8
Let c(b) = b**3 - 25*b**2 + 44*b + 51. Determine c(23).
5
Let c(o) = 4*o**3 - 15*o**2 + 2*o + 17. Give c(4).
41
Let u(f) = -76*f - 4190. Determine u(-55).
-10
Let u(o) = 61*o**3 - 2*o**2 - 11*o - 13. Calculate u(-2).
-487
Let i(q) = -4*q**3 + 14*q**2 + 19*q - 15. Calculate i(-2).
35
Let a(v) = -v**3 - 30*v**2 - 201*v - 2519. Give a(-26).
3
Let x(n) = -2*n**2 - 27*n + 3307. Calculate x(-48).
-5
Let y(w) = 12*w**2 + 7*w - 7. What is y(-1)?
-2
Let m(d) = 3*d**3 - 28*d**2 + 61*d. Determine m(5).
-20
Let o(b) = -11*b**2 - 307*b + 368. Calculate o(-29).
20
Let f(w) = -2*w**3 - 1305*w**2 - 9038*w - 8. What is f(-7)?
-1
Let q(d) = 27*d + 963. What is q(-43)?
-198
Let w(o) = -94*o + 606. What is w(6)?
42
Let r(k) = 354*k**3 + 3*k**2 + 4*k + 3. Determine r(-1).
-352
Let u(r) = -2*r**2 - 205*r - 1246. Calculate u(-6).
-88
Let r(s) = -122*s + 2919. Calculate r(24).
-9
Let w(j) = 47*j - 10813. Give w(230).
-3
Let i(q) = 6*q**2 + 12*q - 58. What is i(3)?
32
Let p(h) = -105*h - 764. What is p(-6)?
-134
Let p(v) = -3*v**3 + 9*v**2 + 25*v - 3. Calculate p(6).
-177
Let z(d) = -21*d + 15. Give z(-1).
36
Let a(o) = 5*o**3 - 18*o**2 - 4*o - 5. Determine a(4).
11
Let l(b) = b**3 - 25*b**2 - 186*b + 59. What is l(31)?
59
Let p(l) = l**3 + 127*l**2 + 196*l + 8838. Calculate p(-126).
18
Let k(i) = i**3 - 12*i**2 + 7*i + 5. Determine k(12).
89
Let h(w) = -w**3 - 31*w**2 + 30*w - 64. Give h(-32).
0
Let m(f) = f**2 + 45*f - 29. Determine m(3).
115
Let q(p) = p**3 - p**2 - 132*p - 27. Calculate q(12).
-27
Let p(z) = -z**2 - 69*z - 1103. Give p(-23).
-45
Let q(p) = 27*p - 25. Give q(1).
2
Let k(f) = -19*f**2 + 750*f - 356. What is k(39)?
-5
Let s(u) = -39*u - 2718. What is s(-65)?
-183
Let o(s) = 195*s - 11. Give o(1).
184
Let p(x) = -5*x + 164. What is p(20)?
64
Let g(l) = l**2 - 162*l + 2461. Give g(145).
-4
Let v(w) = 19*w - 150. Give v(7).
-17
Let p(z) = -z**2 + 17*z - 51. Calculate p(4).
1
Let r(u) = 9*u**2 + u - 160. Give r(-4).
-20
Let h(t) = 151*t + 1438. Determine h(-9).
79
Let l(b) = 116*b + 3822. Determine l(-33).
-6
Let a(d) = 24*d - 392. Determine a(27).
256
Let h(p) = p**3 + 2*p**2 - 18*p. Determine h(-9).
-405
Let b(h) = -3*h**3 - 18*h**2 + 4*h + 26. Calculate b(-6).
2
Let l(v) = -139*v - 1958. Give l(-14).
-12
Let q(y) = 13*y**2 - 508*y - 478. Give q(40).
2
Let o(d) = -30*d**2 + 35*d. Calculate o(4).
-340
Let s(i) = -i**3 - 8*i**2 - 17*i - 39. What is s(-6)?
-9
Let t(z) = -z**3 - 11*z**2 + 129*z + 7. Determine t(8).
-177
Let l(v) = -6*v**2 + 173*v + 51. Give l(28).
191
Let p(m) = -m**3 - 34*m**2 - 321*m - 1567. Calculate p(-23).
-3
Let g(d) = 9*d + 9. Calculate g(5).
54
Let i(k) = 5*k**3 - 46*k**2 + 8*k + 31. Calculate i(9).
22
Let c(t) = -4*t**2 + 4*t - 34. Give c(5).
-114
Let x(f) = 3*f**2 - 23*f + 74. What is x(5)?
34
Let v(t) = 73*t - 1703. Determine v(22).
-97
Let i(w) = 3*w**2 + 18*w + 13. What is i(-6)?
13
Let y(h) = 235*h - 28730. What is y(122)?
-60
Let q(h) = -2*h**3 + 117*h**2 - 841*h + 265. Give q(8).
1
Let m(k) = 12*k - 27. Determine m(-4).
-75
Let m(g) = -2*g**3 - 27*g**2 + 87*g + 19. Calculate m(3).
-17
Let q(x) = -2*x**3 + 11*x**2 - 37*x + 44. Determine q(3).
-22
Let i(v) = v**2 - 17*v + 1. What is i(10)?
-69
Let l(x) = 143*x - 3621. Calculate l(25).
-46
Let i(w) = 2*w**3 + 51*w**2 + 44*w + 461. What is i(-25)?
-14
Let n(q) = 198*q - 576. Give n(3).
18
Let j(d) = 4*d**3 + 60*d**2 + 6*d + 16. Calculate j(-15).
-74
Let p(x) = 11*x**2 + 92*x - 132. Calculate p(-10).
48
Let o(k) = -k**3 + 44*k**2 - 310*k. Calculate o(9).
45
Let m(w) = 2*w**2 - 105*w - 863. What is m(-8)?
105
Let f(p) = -17*p + 490. What is f(32)?
-54
Let d(k) = 44*k**3 - k**2 + 7*k + 23. What is d(-2)?
-347
Let m(g) = -2*g**2 + 10*g + 68. Determine m(0).
68
Let x(b) = -b**3 + 32*b**2 - 109*b + 6. Calculate x(28).
90
Let i(r) = -18*r**2 - 74*r - 75. Give i(-1).
-19
Let f(w) = -w**3 + 33*w**2 - 3*w + 89. What is f(33)?
-10
Let m(q) = -2*q**2 + 247*q + 7432. Give m(-25).
7
Let u(f) = -f**2 - 597*f + 6693. What is u(11)?
5
Let c(o) = 4*o**3 - 61*o**2 - 48*o - 1. Determine c(16).
-1
Let x(p) = 3*p**2 + 86*p + 62. Give x(-29).
91
Let j(w) = -w**3 + 11*w**2 + 15*w + 119. Calculate j(13).
-24
Let w(g) = -10*g**2 + 104*g - 18